{"id":525,"date":"2020-10-17T17:54:31","date_gmt":"2020-10-17T15:54:31","guid":{"rendered":"https:\/\/sitewp.amasc-sacrecoeur.net\/?page_id=525"},"modified":"2022-04-19T18:50:41","modified_gmt":"2022-04-19T16:50:41","slug":"the-congress-in-2022","status":"publish","type":"page","link":"https:\/\/amasc.org\/es\/congresses\/the-congress-in-2022\/","title":{"rendered":"El congreso en 2022"},"content":{"rendered":"<figure class=\"wp-block-image alignfull size-large\"><img loading=\"lazy\" decoding=\"async\" width=\"1024\" height=\"288\" src=\"https:\/\/amasc.org\/wp-content\/uploads\/banner-congres-EN-1024x288.jpg\" alt=\"\" class=\"wp-image-1437\" srcset=\"https:\/\/amasc.org\/wp-content\/uploads\/banner-congres-EN-1024x288.jpg 1024w, https:\/\/amasc.org\/wp-content\/uploads\/banner-congres-EN-300x84.jpg 300w, https:\/\/amasc.org\/wp-content\/uploads\/banner-congres-EN-150x42.jpg 150w, https:\/\/amasc.org\/wp-content\/uploads\/banner-congres-EN-768x216.jpg 768w, https:\/\/amasc.org\/wp-content\/uploads\/banner-congres-EN-1536x432.jpg 1536w, https:\/\/amasc.org\/wp-content\/uploads\/banner-congres-EN.jpg 1920w\" sizes=\"auto, (max-width: 1024px) 100vw, 1024px\" \/><\/figure>\n\n\n\n<h2 class=\"wp-block-heading\">XVII CONGRESO DE LA AMASC EN 2022<\/h2>\n\n\n\n<figure class=\"wp-block-table\"><table class=\"has-white-color has-vivid-red-background-color has-text-color has-background\"><tbody><tr><td><span style=\"text-decoration: underline;\"><strong>COMUNICADO DEL PRESIDENTE<br><\/strong><\/span><br>Queridos amigos,<br><br>Con gran tristeza, les anuncio que las circunstancias sanitarias no nos permiten, desgraciadamente, prever un Congreso Mundial como los de M\u00e9rida, Phoenix o Malta, por citar s\u00f3lo el \u00faltimo de ellos. En efecto, no podemos correr el riesgo financiero de cancelarlo en el \u00faltimo momento a causa de la epidemia. Lo lamentamos tanto como ustedes, \u00a1tengan la seguridad!<br><br>No obstante, de conformidad con los estatutos de la AMASC, organizaremos al final de nuestro mandato una Asamblea General en N\u00e1poles, reservada a los Presidentes Nacionales, probablemente en torno al 23 \/ 29 de octubre de 2022, en la que se elegir\u00e1 a la nueva Junta Directiva de la AMASC para el mandato 2022-2026. La Asamblea General se convocar\u00e1 de manera que podamos reunirnos en N\u00e1poles o reunirnos por videoconferencia, en funci\u00f3n de la situaci\u00f3n sanitaria en ese momento.<br>Las dificultades relacionadas con el coronavirus me han impedido acercarme a vosotros como hubiera deseado, visitando las distintas asociaciones nacionales: Espero que la situaci\u00f3n sanitaria mejore para que podamos empezar a vivir como antes.<br><br>Mientras les escribo, \u00a1la situaci\u00f3n en Ucrania\/Rusia ha empeorado! Recemos juntos para que se acerque la paz y cese la violencia contra la poblaci\u00f3n indefensa. Las im\u00e1genes de estos d\u00edas son una herida abierta en nuestros corazones.<br><br>Te abrazo con afecto.<br><br>Paola del Prete,<br>15 de abril de 2022<\/td><\/tr><\/tbody><\/table><\/figure>","protected":false},"excerpt":{"rendered":"<p>EL XVII CONGRESO AMASC EN 2022 COMUNICADO DEL PRESIDENTEQueridos amigos, Con gran tristeza, les anuncio que las circunstancias sanitarias no nos permiten desgraciadamente prever un Congreso Mundial como los de M\u00e9rida, Phoenix o Malta, por citar s\u00f3lo el \u00faltimo de ellos. En efecto, no podemos correr el riesgo financiero de cancelarlo en el...<\/p>","protected":false},"author":6,"featured_media":0,"parent":1422,"menu_order":0,"comment_status":"closed","ping_status":"closed","template":"","meta":{"_acf_changed":false,"_kad_blocks_custom_css":"","_kad_blocks_head_custom_js":"","_kad_blocks_body_custom_js":"","_kad_blocks_footer_custom_js":"","_kad_post_transparent":"","_kad_post_title":"","_kad_post_layout":"","_kad_post_sidebar_id":"","_kad_post_content_style":"","_kad_post_vertical_padding":"","_kad_post_feature":"","_kad_post_feature_position":"","_kad_post_header":false,"_kad_post_footer":false,"_kad_post_classname":"","footnotes":""},"class_list":["post-525","page","type-page","status-publish","hentry"],"acf":[],"yoast_head":"<!-- This site is optimized with the Yoast SEO plugin v26.4 - https:\/\/yoast.com\/wordpress\/plugins\/seo\/ -->\n<title>The congress in 2022 - AMASC<\/title>\n<meta name=\"robots\" content=\"index, follow, max-snippet:-1, max-image-preview:large, max-video-preview:-1\" \/>\n<link rel=\"canonical\" href=\"https:\/\/amasc.org\/es\/congresses\/the-congress-in-2022\/\" \/>\n<meta property=\"og:locale\" content=\"es_ES\" \/>\n<meta property=\"og:type\" content=\"article\" \/>\n<meta property=\"og:title\" content=\"The congress in 2022 - AMASC\" \/>\n<meta property=\"og:description\" content=\"THE XVII AMASC CONGRESS IN 2022 PRESIDENT&#8217;S RELEASEDear friends, With great sadness, I am announcing that the health circumstances unfortunately do not allow us to envisage a World Congress like those of Merida, Phoenix or Malta, to mention only the last of them. Indeed, we cannot run the financial risk of cancelling it at the...\" \/>\n<meta property=\"og:url\" content=\"https:\/\/amasc.org\/es\/congresses\/the-congress-in-2022\/\" \/>\n<meta property=\"og:site_name\" content=\"AMASC\" \/>\n<meta property=\"article:modified_time\" content=\"2022-04-19T16:50:41+00:00\" \/>\n<meta property=\"og:image\" content=\"https:\/\/amasc.org\/wp-content\/uploads\/banner-congres-EN-1024x288.jpg\" \/>\n<meta name=\"twitter:card\" content=\"summary_large_image\" \/>\n<meta name=\"twitter:label1\" content=\"Tiempo de lectura\" \/>\n\t<meta name=\"twitter:data1\" content=\"1 minuto\" \/>\n<script type=\"application\/ld+json\" class=\"yoast-schema-graph\">{\"@context\":\"https:\/\/schema.org\",\"@graph\":[{\"@type\":\"WebPage\",\"@id\":\"https:\/\/amasc.org\/congresses\/the-congress-in-2022\/\",\"url\":\"https:\/\/amasc.org\/congresses\/the-congress-in-2022\/\",\"name\":\"The congress in 2022 - AMASC\",\"isPartOf\":{\"@id\":\"https:\/\/amasc.org\/#website\"},\"primaryImageOfPage\":{\"@id\":\"https:\/\/amasc.org\/congresses\/the-congress-in-2022\/#primaryimage\"},\"image\":{\"@id\":\"https:\/\/amasc.org\/congresses\/the-congress-in-2022\/#primaryimage\"},\"thumbnailUrl\":\"https:\/\/amasc.org\/wp-content\/uploads\/banner-congres-EN-1024x288.jpg\",\"datePublished\":\"2020-10-17T15:54:31+00:00\",\"dateModified\":\"2022-04-19T16:50:41+00:00\",\"breadcrumb\":{\"@id\":\"https:\/\/amasc.org\/congresses\/the-congress-in-2022\/#breadcrumb\"},\"inLanguage\":\"es\",\"potentialAction\":[{\"@type\":\"ReadAction\",\"target\":[\"https:\/\/amasc.org\/congresses\/the-congress-in-2022\/\"]}]},{\"@type\":\"ImageObject\",\"inLanguage\":\"es\",\"@id\":\"https:\/\/amasc.org\/congresses\/the-congress-in-2022\/#primaryimage\",\"url\":\"https:\/\/amasc.org\/wp-content\/uploads\/banner-congres-EN-1024x288.jpg\",\"contentUrl\":\"https:\/\/amasc.org\/wp-content\/uploads\/banner-congres-EN-1024x288.jpg\"},{\"@type\":\"BreadcrumbList\",\"@id\":\"https:\/\/amasc.org\/congresses\/the-congress-in-2022\/#breadcrumb\",\"itemListElement\":[{\"@type\":\"ListItem\",\"position\":1,\"name\":\"Home\",\"item\":\"https:\/\/amasc.org\/\"},{\"@type\":\"ListItem\",\"position\":2,\"name\":\"Congresses\",\"item\":\"https:\/\/amasc.org\/congresses\/\"},{\"@type\":\"ListItem\",\"position\":3,\"name\":\"The congress in 2022\"}]},{\"@type\":\"WebSite\",\"@id\":\"https:\/\/amasc.org\/#website\",\"url\":\"https:\/\/amasc.org\/\",\"name\":\"AMASC\",\"description\":\"\",\"publisher\":{\"@id\":\"https:\/\/amasc.org\/#organization\"},\"potentialAction\":[{\"@type\":\"SearchAction\",\"target\":{\"@type\":\"EntryPoint\",\"urlTemplate\":\"https:\/\/amasc.org\/?s={search_term_string}\"},\"query-input\":{\"@type\":\"PropertyValueSpecification\",\"valueRequired\":true,\"valueName\":\"search_term_string\"}}],\"inLanguage\":\"es\"},{\"@type\":\"Organization\",\"@id\":\"https:\/\/amasc.org\/#organization\",\"name\":\"AMASC\",\"url\":\"https:\/\/amasc.org\/\",\"logo\":{\"@type\":\"ImageObject\",\"inLanguage\":\"es\",\"@id\":\"https:\/\/amasc.org\/#\/schema\/logo\/image\/\",\"url\":\"https:\/\/amasc.org\/wp-content\/uploads\/logo-brand-red.png\",\"contentUrl\":\"https:\/\/amasc.org\/wp-content\/uploads\/logo-brand-red.png\",\"width\":1283,\"height\":1624,\"caption\":\"AMASC\"},\"image\":{\"@id\":\"https:\/\/amasc.org\/#\/schema\/logo\/image\/\"}}]}<\/script>\n<!-- \/ Yoast SEO plugin. -->","yoast_head_json":{"title":"The congress in 2022 - AMASC","robots":{"index":"index","follow":"follow","max-snippet":"max-snippet:-1","max-image-preview":"max-image-preview:large","max-video-preview":"max-video-preview:-1"},"canonical":"https:\/\/amasc.org\/es\/congresses\/the-congress-in-2022\/","og_locale":"es_ES","og_type":"article","og_title":"The congress in 2022 - AMASC","og_description":"THE XVII AMASC CONGRESS IN 2022 PRESIDENT&#8217;S RELEASEDear friends, With great sadness, I am announcing that the health circumstances unfortunately do not allow us to envisage a World Congress like those of Merida, Phoenix or Malta, to mention only the last of them. Indeed, we cannot run the financial risk of cancelling it at the...","og_url":"https:\/\/amasc.org\/es\/congresses\/the-congress-in-2022\/","og_site_name":"AMASC","article_modified_time":"2022-04-19T16:50:41+00:00","og_image":[{"url":"https:\/\/amasc.org\/wp-content\/uploads\/banner-congres-EN-1024x288.jpg","type":"","width":"","height":""}],"twitter_card":"summary_large_image","twitter_misc":{"Tiempo de lectura":"1 minuto"},"schema":{"@context":"https:\/\/schema.org","@graph":[{"@type":"WebPage","@id":"https:\/\/amasc.org\/congresses\/the-congress-in-2022\/","url":"https:\/\/amasc.org\/congresses\/the-congress-in-2022\/","name":"The congress in 2022 - AMASC","isPartOf":{"@id":"https:\/\/amasc.org\/#website"},"primaryImageOfPage":{"@id":"https:\/\/amasc.org\/congresses\/the-congress-in-2022\/#primaryimage"},"image":{"@id":"https:\/\/amasc.org\/congresses\/the-congress-in-2022\/#primaryimage"},"thumbnailUrl":"https:\/\/amasc.org\/wp-content\/uploads\/banner-congres-EN-1024x288.jpg","datePublished":"2020-10-17T15:54:31+00:00","dateModified":"2022-04-19T16:50:41+00:00","breadcrumb":{"@id":"https:\/\/amasc.org\/congresses\/the-congress-in-2022\/#breadcrumb"},"inLanguage":"es","potentialAction":[{"@type":"ReadAction","target":["https:\/\/amasc.org\/congresses\/the-congress-in-2022\/"]}]},{"@type":"ImageObject","inLanguage":"es","@id":"https:\/\/amasc.org\/congresses\/the-congress-in-2022\/#primaryimage","url":"https:\/\/amasc.org\/wp-content\/uploads\/banner-congres-EN-1024x288.jpg","contentUrl":"https:\/\/amasc.org\/wp-content\/uploads\/banner-congres-EN-1024x288.jpg"},{"@type":"BreadcrumbList","@id":"https:\/\/amasc.org\/congresses\/the-congress-in-2022\/#breadcrumb","itemListElement":[{"@type":"ListItem","position":1,"name":"Home","item":"https:\/\/amasc.org\/"},{"@type":"ListItem","position":2,"name":"Congresses","item":"https:\/\/amasc.org\/congresses\/"},{"@type":"ListItem","position":3,"name":"The congress in 2022"}]},{"@type":"WebSite","@id":"https:\/\/amasc.org\/#website","url":"https:\/\/amasc.org\/","name":"AMASC","description":"","publisher":{"@id":"https:\/\/amasc.org\/#organization"},"potentialAction":[{"@type":"SearchAction","target":{"@type":"EntryPoint","urlTemplate":"https:\/\/amasc.org\/?s={search_term_string}"},"query-input":{"@type":"PropertyValueSpecification","valueRequired":true,"valueName":"search_term_string"}}],"inLanguage":"es"},{"@type":"Organization","@id":"https:\/\/amasc.org\/#organization","name":"AMASC","url":"https:\/\/amasc.org\/","logo":{"@type":"ImageObject","inLanguage":"es","@id":"https:\/\/amasc.org\/#\/schema\/logo\/image\/","url":"https:\/\/amasc.org\/wp-content\/uploads\/logo-brand-red.png","contentUrl":"https:\/\/amasc.org\/wp-content\/uploads\/logo-brand-red.png","width":1283,"height":1624,"caption":"AMASC"},"image":{"@id":"https:\/\/amasc.org\/#\/schema\/logo\/image\/"}}]}},"taxonomy_info":[],"featured_image_src_large":false,"author_info":{"display_name":"AMASC","author_link":"https:\/\/amasc.org\/es\/author\/amasc\/"},"comment_info":0,"_links":{"self":[{"href":"https:\/\/amasc.org\/es\/wp-json\/wp\/v2\/pages\/525","targetHints":{"allow":["GET"]}}],"collection":[{"href":"https:\/\/amasc.org\/es\/wp-json\/wp\/v2\/pages"}],"about":[{"href":"https:\/\/amasc.org\/es\/wp-json\/wp\/v2\/types\/page"}],"author":[{"embeddable":true,"href":"https:\/\/amasc.org\/es\/wp-json\/wp\/v2\/users\/6"}],"replies":[{"embeddable":true,"href":"https:\/\/amasc.org\/es\/wp-json\/wp\/v2\/comments?post=525"}],"version-history":[{"count":0,"href":"https:\/\/amasc.org\/es\/wp-json\/wp\/v2\/pages\/525\/revisions"}],"up":[{"embeddable":true,"href":"https:\/\/amasc.org\/es\/wp-json\/wp\/v2\/pages\/1422"}],"wp:attachment":[{"href":"https:\/\/amasc.org\/es\/wp-json\/wp\/v2\/media?parent=525"}],"curies":[{"name":"wp","href":"https:\/\/api.w.org\/{rel}","templated":true}]}}

<figure class="wp-block-image alignfull size-large"><img loading="lazy" decoding="async" width="1024" height="288" src="https://amasc.org/wp-content/uploads/banner-congres-EN-1024x288.jpg" alt="" class="wp-image-1437" srcset="https://amasc.org/wp-content/uploads/banner-congres-EN-1024x288.jpg 1024w, https://amasc.org/wp-content/uploads/banner-congres-EN-300x84.jpg 300w, https://amasc.org/wp-content/uploads/banner-congres-EN-150x42.jpg 150w, https://amasc.org/wp-content/uploads/banner-congres-EN-768x216.jpg 768w, https://amasc.org/wp-content/uploads/banner-congres-EN-1536x432.jpg 1536w, https://amasc.org/wp-content/uploads/banner-congres-EN.jpg 1920w" sizes="auto, (max-width: 1024px) 100vw, 1024px" /></figure>



<h2 class="wp-block-heading">XVII CONGRESO DE LA AMASC EN 2022</h2>



<figure class="wp-block-table"><table class="has-white-color has-vivid-red-background-color has-text-color has-background"><tbody><tr><td><span style="text-decoration: underline;"><strong>COMUNICADO DEL PRESIDENTE<br></strong></span><br>Queridos amigos,<br><br>Con gran tristeza, les anuncio que las circunstancias sanitarias no nos permiten, desgraciadamente, prever un Congreso Mundial como los de Mérida, Phoenix o Malta, por citar sólo el último de ellos. En efecto, no podemos correr el riesgo financiero de cancelarlo en el último momento a causa de la epidemia. Lo lamentamos tanto como ustedes, ¡tengan la seguridad!<br><br>No obstante, de conformidad con los estatutos de la AMASC, organizaremos al final de nuestro mandato una Asamblea General en Nápoles, reservada a los Presidentes Nacionales, probablemente en torno al 23 / 29 de octubre de 2022, en la que se elegirá a la nueva Junta Directiva de la AMASC para el mandato 2022-2026. La Asamblea General se convocará de manera que podamos reunirnos en Nápoles o reunirnos por videoconferencia, en función de la situación sanitaria en ese momento.<br>Las dificultades relacionadas con el coronavirus me han impedido acercarme a vosotros como hubiera deseado, visitando las distintas asociaciones nacionales: Espero que la situación sanitaria mejore para que podamos empezar a vivir como antes.<br><br>Mientras les escribo, ¡la situación en Ucrania/Rusia ha empeorado! Recemos juntos para que se acerque la paz y cese la violencia contra la población indefensa. Las imágenes de estos días son una herida abierta en nuestros corazones.<br><br>Te abrazo con afecto.<br><br>Paola del Prete,<br>15 de abril de 2022</td></tr></tbody></table></figure>

<p>EL XVII CONGRESO AMASC EN 2022 COMUNICADO DEL PRESIDENTEQueridos amigos, Con gran tristeza, les anuncio que las circunstancias sanitarias no nos permiten desgraciadamente prever un Congreso Mundial como los de Mérida, Phoenix o Malta, por citar sólo el último de ellos. En efecto, no podemos correr el riesgo financiero de cancelarlo en el...</p>
