{"id":578,"date":"2020-10-17T19:15:00","date_gmt":"2020-10-17T17:15:00","guid":{"rendered":"https:\/\/sitewp.amasc-sacrecoeur.net\/?page_id=578"},"modified":"2020-11-06T18:21:46","modified_gmt":"2020-11-06T17:21:46","slug":"faces-of-the-heart-3","status":"publish","type":"page","link":"https:\/\/amasc.org\/es\/partners\/the-schools\/the-networks-of-schools\/faces-of-the-heart-3\/","title":{"rendered":"\" Rostros del coraz\u00f3n \""},"content":{"rendered":"<div class=\"wp-block-columns is-layout-flex wp-container-core-columns-is-layout-9d6595d7 wp-block-columns-is-layout-flex\">\n<div class=\"wp-block-column is-layout-flow wp-block-column-is-layout-flow\" style=\"flex-basis:66.66%\">\n<h2 class=\"has-text-color wp-block-heading\" style=\"color:#b72424\">\" Rostros del coraz\u00f3n \"<\/h2>\n\n\n\n<p><strong>Junto a los directores de la red del Sagrado Coraz\u00f3n, j\u00f3venes de 15 a 18 a\u00f1os de todo el mundo<\/strong>&nbsp;empiezan a reunirse con regularidad.<\/p>\n\n\n\n<p>M\u00e1s que un simple campamento de verano, Rostros del Coraz\u00f3n re\u00fane cada dos a\u00f1os a j\u00f3venes estudiantes del Sagrado Coraz\u00f3n de todo el mundo, para crear v\u00ednculos entre ellos y hacerles reflexionar concretamente sobre un tema de actualidad, a trav\u00e9s de talleres, visitas y actividades m\u00e1s l\u00fadicas. A su regreso, estos alumnos deben dar testimonio de lo que han descubierto con sus compa\u00f1eros.<\/p>\n\n\n\n<p>Dirigida por Luciana Jeler, profesora de Bloomfield Hills (Michigan, Estados Unidos), esta iniciativa se puso en marcha gracias a la excelente comunicaci\u00f3n entre los responsables de intercambio de los centros escolares. En su lanzamiento, en julio de 2016, se reunieron 27 estudiantes de 11 nacionalidades y 21 escuelas diferentes. En 2018, con el apoyo financiero a menudo de sus directores de instituciones, fueron 47, de 14 nacionalidades y 27 escuelas.<\/p>\n\n\n\n<p>Organizado dos veces en Francia, en el Sagrado Coraz\u00f3n de La Perverie en Nantes, el tema del encuentro fue en 2016:&nbsp;<em>\" \u00bfQu\u00e9 influencia tienen nuestros valores del Sagrado Coraz\u00f3n en nuestro comportamiento ante los problemas alimentarios en el mundo? \"<\/em>y en 2018 :&nbsp;<em>\" Educaci\u00f3n para un mundo mejor \"<\/em>.<\/p>\n\n\n\n<p>Si este acontecimiento se convirtiera en permanente, como desean sus promotores, la 3\u00aa edici\u00f3n de Rostros del Coraz\u00f3n podr\u00eda celebrarse en la Trinita dei Monti de Roma en 2020.<\/p>\n\n\n\n<p><\/p>\n<\/div>\n\n\n\n<div class=\"wp-block-column is-layout-flow wp-block-column-is-layout-flow\" style=\"flex-basis:33.33%\">\n<figure class=\"wp-block-image size-large\"><img loading=\"lazy\" decoding=\"async\" width=\"330\" height=\"318\" src=\"https:\/\/amasc.org\/wp-content\/uploads\/img_groupe_Faces_Heart.jpg\" alt=\"\" class=\"wp-image-575\" srcset=\"https:\/\/amasc.org\/wp-content\/uploads\/img_groupe_Faces_Heart.jpg 330w, https:\/\/amasc.org\/wp-content\/uploads\/img_groupe_Faces_Heart-300x289.jpg 300w, https:\/\/amasc.org\/wp-content\/uploads\/img_groupe_Faces_Heart-311x300.jpg 311w\" sizes=\"auto, (max-width: 330px) 100vw, 330px\" \/><\/figure>\n<\/div>\n<\/div>","protected":false},"excerpt":{"rendered":"<p>\u00ab Faces of the Heart \u00bb Alongside the network directors of the Sacred Heart, 15-18 year olds all over the world&nbsp;are starting to gather regularly. More than a simple summer camp, Faces of the Heart brings together every two years, young Sacred Heart students from all over the world, to create links between them and&#8230;<\/p>","protected":false},"author":6,"featured_media":0,"parent":553,"menu_order":0,"comment_status":"closed","ping_status":"closed","template":"","meta":{"_acf_changed":false,"_kad_blocks_custom_css":"","_kad_blocks_head_custom_js":"","_kad_blocks_body_custom_js":"","_kad_blocks_footer_custom_js":"","_kad_post_transparent":"","_kad_post_title":"","_kad_post_layout":"","_kad_post_sidebar_id":"","_kad_post_content_style":"","_kad_post_vertical_padding":"","_kad_post_feature":"","_kad_post_feature_position":"","_kad_post_header":false,"_kad_post_footer":false,"_kad_post_classname":"","footnotes":""},"class_list":["post-578","page","type-page","status-publish","hentry"],"acf":[],"yoast_head":"<!-- This site is optimized with the Yoast SEO plugin v26.4 - https:\/\/yoast.com\/wordpress\/plugins\/seo\/ -->\n<title>\u00ab Faces of the Heart \u00bb - AMASC<\/title>\n<meta name=\"robots\" content=\"index, follow, max-snippet:-1, max-image-preview:large, max-video-preview:-1\" \/>\n<link rel=\"canonical\" href=\"https:\/\/amasc.org\/es\/partners\/the-schools\/the-networks-of-schools\/faces-of-the-heart-3\/\" \/>\n<meta property=\"og:locale\" content=\"es_ES\" \/>\n<meta property=\"og:type\" content=\"article\" \/>\n<meta property=\"og:title\" content=\"\u00ab Faces of the Heart \u00bb - AMASC\" \/>\n<meta property=\"og:description\" content=\"\u00ab Faces of the Heart \u00bb Alongside the network directors of the Sacred Heart, 15-18 year olds all over the world&nbsp;are starting to gather regularly. More than a simple summer camp, Faces of the Heart brings together every two years, young Sacred Heart students from all over the world, to create links between them and...\" \/>\n<meta property=\"og:url\" content=\"https:\/\/amasc.org\/es\/partners\/the-schools\/the-networks-of-schools\/faces-of-the-heart-3\/\" \/>\n<meta property=\"og:site_name\" content=\"AMASC\" \/>\n<meta property=\"article:modified_time\" content=\"2020-11-06T17:21:46+00:00\" \/>\n<meta property=\"og:image\" content=\"https:\/\/amasc.org\/wp-content\/uploads\/img_groupe_Faces_Heart.jpg\" \/>\n<meta name=\"twitter:card\" content=\"summary_large_image\" \/>\n<meta name=\"twitter:label1\" content=\"Tiempo de lectura\" \/>\n\t<meta name=\"twitter:data1\" content=\"1 minuto\" \/>\n<script type=\"application\/ld+json\" class=\"yoast-schema-graph\">{\"@context\":\"https:\/\/schema.org\",\"@graph\":[{\"@type\":\"WebPage\",\"@id\":\"https:\/\/amasc.org\/partners\/the-schools\/the-networks-of-schools\/faces-of-the-heart-3\/\",\"url\":\"https:\/\/amasc.org\/partners\/the-schools\/the-networks-of-schools\/faces-of-the-heart-3\/\",\"name\":\"\u00ab Faces of the Heart \u00bb - AMASC\",\"isPartOf\":{\"@id\":\"https:\/\/amasc.org\/#website\"},\"primaryImageOfPage\":{\"@id\":\"https:\/\/amasc.org\/partners\/the-schools\/the-networks-of-schools\/faces-of-the-heart-3\/#primaryimage\"},\"image\":{\"@id\":\"https:\/\/amasc.org\/partners\/the-schools\/the-networks-of-schools\/faces-of-the-heart-3\/#primaryimage\"},\"thumbnailUrl\":\"https:\/\/amasc.org\/wp-content\/uploads\/img_groupe_Faces_Heart.jpg\",\"datePublished\":\"2020-10-17T17:15:00+00:00\",\"dateModified\":\"2020-11-06T17:21:46+00:00\",\"breadcrumb\":{\"@id\":\"https:\/\/amasc.org\/partners\/the-schools\/the-networks-of-schools\/faces-of-the-heart-3\/#breadcrumb\"},\"inLanguage\":\"es\",\"potentialAction\":[{\"@type\":\"ReadAction\",\"target\":[\"https:\/\/amasc.org\/partners\/the-schools\/the-networks-of-schools\/faces-of-the-heart-3\/\"]}]},{\"@type\":\"ImageObject\",\"inLanguage\":\"es\",\"@id\":\"https:\/\/amasc.org\/partners\/the-schools\/the-networks-of-schools\/faces-of-the-heart-3\/#primaryimage\",\"url\":\"https:\/\/amasc.org\/wp-content\/uploads\/img_groupe_Faces_Heart.jpg\",\"contentUrl\":\"https:\/\/amasc.org\/wp-content\/uploads\/img_groupe_Faces_Heart.jpg\"},{\"@type\":\"BreadcrumbList\",\"@id\":\"https:\/\/amasc.org\/partners\/the-schools\/the-networks-of-schools\/faces-of-the-heart-3\/#breadcrumb\",\"itemListElement\":[{\"@type\":\"ListItem\",\"position\":1,\"name\":\"Home\",\"item\":\"https:\/\/amasc.org\/\"},{\"@type\":\"ListItem\",\"position\":2,\"name\":\"Relatives\",\"item\":\"https:\/\/amasc.org\/partners\/\"},{\"@type\":\"ListItem\",\"position\":3,\"name\":\"Schools\",\"item\":\"https:\/\/amasc.org\/partners\/the-schools\/\"},{\"@type\":\"ListItem\",\"position\":4,\"name\":\"Networks of schools\",\"item\":\"https:\/\/amasc.org\/partners\/the-schools\/the-networks-of-schools\/\"},{\"@type\":\"ListItem\",\"position\":5,\"name\":\"\u00ab Faces of the Heart \u00bb\"}]},{\"@type\":\"WebSite\",\"@id\":\"https:\/\/amasc.org\/#website\",\"url\":\"https:\/\/amasc.org\/\",\"name\":\"AMASC\",\"description\":\"\",\"publisher\":{\"@id\":\"https:\/\/amasc.org\/#organization\"},\"potentialAction\":[{\"@type\":\"SearchAction\",\"target\":{\"@type\":\"EntryPoint\",\"urlTemplate\":\"https:\/\/amasc.org\/?s={search_term_string}\"},\"query-input\":{\"@type\":\"PropertyValueSpecification\",\"valueRequired\":true,\"valueName\":\"search_term_string\"}}],\"inLanguage\":\"es\"},{\"@type\":\"Organization\",\"@id\":\"https:\/\/amasc.org\/#organization\",\"name\":\"AMASC\",\"url\":\"https:\/\/amasc.org\/\",\"logo\":{\"@type\":\"ImageObject\",\"inLanguage\":\"es\",\"@id\":\"https:\/\/amasc.org\/#\/schema\/logo\/image\/\",\"url\":\"https:\/\/amasc.org\/wp-content\/uploads\/logo-brand-red.png\",\"contentUrl\":\"https:\/\/amasc.org\/wp-content\/uploads\/logo-brand-red.png\",\"width\":1283,\"height\":1624,\"caption\":\"AMASC\"},\"image\":{\"@id\":\"https:\/\/amasc.org\/#\/schema\/logo\/image\/\"}}]}<\/script>\n<!-- \/ Yoast SEO plugin. -->","yoast_head_json":{"title":"\u00ab Faces of the Heart \u00bb - AMASC","robots":{"index":"index","follow":"follow","max-snippet":"max-snippet:-1","max-image-preview":"max-image-preview:large","max-video-preview":"max-video-preview:-1"},"canonical":"https:\/\/amasc.org\/es\/partners\/the-schools\/the-networks-of-schools\/faces-of-the-heart-3\/","og_locale":"es_ES","og_type":"article","og_title":"\u00ab Faces of the Heart \u00bb - AMASC","og_description":"\u00ab Faces of the Heart \u00bb Alongside the network directors of the Sacred Heart, 15-18 year olds all over the world&nbsp;are starting to gather regularly. More than a simple summer camp, Faces of the Heart brings together every two years, young Sacred Heart students from all over the world, to create links between them and...","og_url":"https:\/\/amasc.org\/es\/partners\/the-schools\/the-networks-of-schools\/faces-of-the-heart-3\/","og_site_name":"AMASC","article_modified_time":"2020-11-06T17:21:46+00:00","og_image":[{"url":"https:\/\/amasc.org\/wp-content\/uploads\/img_groupe_Faces_Heart.jpg","type":"","width":"","height":""}],"twitter_card":"summary_large_image","twitter_misc":{"Tiempo de lectura":"1 minuto"},"schema":{"@context":"https:\/\/schema.org","@graph":[{"@type":"WebPage","@id":"https:\/\/amasc.org\/partners\/the-schools\/the-networks-of-schools\/faces-of-the-heart-3\/","url":"https:\/\/amasc.org\/partners\/the-schools\/the-networks-of-schools\/faces-of-the-heart-3\/","name":"\u00ab Faces of the Heart \u00bb - AMASC","isPartOf":{"@id":"https:\/\/amasc.org\/#website"},"primaryImageOfPage":{"@id":"https:\/\/amasc.org\/partners\/the-schools\/the-networks-of-schools\/faces-of-the-heart-3\/#primaryimage"},"image":{"@id":"https:\/\/amasc.org\/partners\/the-schools\/the-networks-of-schools\/faces-of-the-heart-3\/#primaryimage"},"thumbnailUrl":"https:\/\/amasc.org\/wp-content\/uploads\/img_groupe_Faces_Heart.jpg","datePublished":"2020-10-17T17:15:00+00:00","dateModified":"2020-11-06T17:21:46+00:00","breadcrumb":{"@id":"https:\/\/amasc.org\/partners\/the-schools\/the-networks-of-schools\/faces-of-the-heart-3\/#breadcrumb"},"inLanguage":"es","potentialAction":[{"@type":"ReadAction","target":["https:\/\/amasc.org\/partners\/the-schools\/the-networks-of-schools\/faces-of-the-heart-3\/"]}]},{"@type":"ImageObject","inLanguage":"es","@id":"https:\/\/amasc.org\/partners\/the-schools\/the-networks-of-schools\/faces-of-the-heart-3\/#primaryimage","url":"https:\/\/amasc.org\/wp-content\/uploads\/img_groupe_Faces_Heart.jpg","contentUrl":"https:\/\/amasc.org\/wp-content\/uploads\/img_groupe_Faces_Heart.jpg"},{"@type":"BreadcrumbList","@id":"https:\/\/amasc.org\/partners\/the-schools\/the-networks-of-schools\/faces-of-the-heart-3\/#breadcrumb","itemListElement":[{"@type":"ListItem","position":1,"name":"Home","item":"https:\/\/amasc.org\/"},{"@type":"ListItem","position":2,"name":"Relatives","item":"https:\/\/amasc.org\/partners\/"},{"@type":"ListItem","position":3,"name":"Schools","item":"https:\/\/amasc.org\/partners\/the-schools\/"},{"@type":"ListItem","position":4,"name":"Networks of schools","item":"https:\/\/amasc.org\/partners\/the-schools\/the-networks-of-schools\/"},{"@type":"ListItem","position":5,"name":"\u00ab Faces of the Heart \u00bb"}]},{"@type":"WebSite","@id":"https:\/\/amasc.org\/#website","url":"https:\/\/amasc.org\/","name":"AMASC","description":"","publisher":{"@id":"https:\/\/amasc.org\/#organization"},"potentialAction":[{"@type":"SearchAction","target":{"@type":"EntryPoint","urlTemplate":"https:\/\/amasc.org\/?s={search_term_string}"},"query-input":{"@type":"PropertyValueSpecification","valueRequired":true,"valueName":"search_term_string"}}],"inLanguage":"es"},{"@type":"Organization","@id":"https:\/\/amasc.org\/#organization","name":"AMASC","url":"https:\/\/amasc.org\/","logo":{"@type":"ImageObject","inLanguage":"es","@id":"https:\/\/amasc.org\/#\/schema\/logo\/image\/","url":"https:\/\/amasc.org\/wp-content\/uploads\/logo-brand-red.png","contentUrl":"https:\/\/amasc.org\/wp-content\/uploads\/logo-brand-red.png","width":1283,"height":1624,"caption":"AMASC"},"image":{"@id":"https:\/\/amasc.org\/#\/schema\/logo\/image\/"}}]}},"taxonomy_info":[],"featured_image_src_large":false,"author_info":{"display_name":"AMASC","author_link":"https:\/\/amasc.org\/es\/author\/amasc\/"},"comment_info":0,"_links":{"self":[{"href":"https:\/\/amasc.org\/es\/wp-json\/wp\/v2\/pages\/578","targetHints":{"allow":["GET"]}}],"collection":[{"href":"https:\/\/amasc.org\/es\/wp-json\/wp\/v2\/pages"}],"about":[{"href":"https:\/\/amasc.org\/es\/wp-json\/wp\/v2\/types\/page"}],"author":[{"embeddable":true,"href":"https:\/\/amasc.org\/es\/wp-json\/wp\/v2\/users\/6"}],"replies":[{"embeddable":true,"href":"https:\/\/amasc.org\/es\/wp-json\/wp\/v2\/comments?post=578"}],"version-history":[{"count":0,"href":"https:\/\/amasc.org\/es\/wp-json\/wp\/v2\/pages\/578\/revisions"}],"up":[{"embeddable":true,"href":"https:\/\/amasc.org\/es\/wp-json\/wp\/v2\/pages\/553"}],"wp:attachment":[{"href":"https:\/\/amasc.org\/es\/wp-json\/wp\/v2\/media?parent=578"}],"curies":[{"name":"wp","href":"https:\/\/api.w.org\/{rel}","templated":true}]}}

" Rostros del corazón "

<div class="wp-block-columns is-layout-flex wp-container-core-columns-is-layout-9d6595d7 wp-block-columns-is-layout-flex">
<div class="wp-block-column is-layout-flow wp-block-column-is-layout-flow" style="flex-basis:66.66%">
<h2 class="has-text-color wp-block-heading" style="color:#b72424">" Rostros del corazón "</h2>



<p><strong>Junto a los directores de la red del Sagrado Corazón, jóvenes de 15 a 18 años de todo el mundo</strong>&nbsp;empiezan a reunirse con regularidad.</p>



<p>Más que un simple campamento de verano, Rostros del Corazón reúne cada dos años a jóvenes estudiantes del Sagrado Corazón de todo el mundo, para crear vínculos entre ellos y hacerles reflexionar concretamente sobre un tema de actualidad, a través de talleres, visitas y actividades más lúdicas. A su regreso, estos alumnos deben dar testimonio de lo que han descubierto con sus compañeros.</p>



<p>Dirigida por Luciana Jeler, profesora de Bloomfield Hills (Michigan, Estados Unidos), esta iniciativa se puso en marcha gracias a la excelente comunicación entre los responsables de intercambio de los centros escolares. En su lanzamiento, en julio de 2016, se reunieron 27 estudiantes de 11 nacionalidades y 21 escuelas diferentes. En 2018, con el apoyo financiero a menudo de sus directores de instituciones, fueron 47, de 14 nacionalidades y 27 escuelas.</p>



<p>Organizado dos veces en Francia, en el Sagrado Corazón de La Perverie en Nantes, el tema del encuentro fue en 2016:&nbsp;<em>" ¿Qué influencia tienen nuestros valores del Sagrado Corazón en nuestro comportamiento ante los problemas alimentarios en el mundo? "</em>y en 2018 :&nbsp;<em>" Educación para un mundo mejor "</em>.</p>



<p>Si este acontecimiento se convirtiera en permanente, como desean sus promotores, la 3ª edición de Rostros del Corazón podría celebrarse en la Trinita dei Monti de Roma en 2020.</p>



<p></p>
</div>



<div class="wp-block-column is-layout-flow wp-block-column-is-layout-flow" style="flex-basis:33.33%">
<figure class="wp-block-image size-large"><img loading="lazy" decoding="async" width="330" height="318" src="https://amasc.org/wp-content/uploads/img_groupe_Faces_Heart.jpg" alt="" class="wp-image-575" srcset="https://amasc.org/wp-content/uploads/img_groupe_Faces_Heart.jpg 330w, https://amasc.org/wp-content/uploads/img_groupe_Faces_Heart-300x289.jpg 300w, https://amasc.org/wp-content/uploads/img_groupe_Faces_Heart-311x300.jpg 311w" sizes="auto, (max-width: 330px) 100vw, 330px" /></figure>
</div>
</div>
