{"id":525,"date":"2020-10-17T17:54:31","date_gmt":"2020-10-17T15:54:31","guid":{"rendered":"https:\/\/sitewp.amasc-sacrecoeur.net\/?page_id=525"},"modified":"2022-04-19T18:50:41","modified_gmt":"2022-04-19T16:50:41","slug":"the-congress-in-2022","status":"publish","type":"page","link":"https:\/\/amasc.org\/fr\/congresses\/the-congress-in-2022\/","title":{"rendered":"Le congr\u00e8s en 2022"},"content":{"rendered":"<figure class=\"wp-block-image alignfull size-large\"><img loading=\"lazy\" decoding=\"async\" width=\"1024\" height=\"288\" src=\"https:\/\/amasc.org\/wp-content\/uploads\/banner-congres-EN-1024x288.jpg\" alt=\"\" class=\"wp-image-1437\" srcset=\"https:\/\/amasc.org\/wp-content\/uploads\/banner-congres-EN-1024x288.jpg 1024w, https:\/\/amasc.org\/wp-content\/uploads\/banner-congres-EN-300x84.jpg 300w, https:\/\/amasc.org\/wp-content\/uploads\/banner-congres-EN-150x42.jpg 150w, https:\/\/amasc.org\/wp-content\/uploads\/banner-congres-EN-768x216.jpg 768w, https:\/\/amasc.org\/wp-content\/uploads\/banner-congres-EN-1536x432.jpg 1536w, https:\/\/amasc.org\/wp-content\/uploads\/banner-congres-EN.jpg 1920w\" sizes=\"auto, (max-width: 1024px) 100vw, 1024px\" \/><\/figure>\n\n\n\n<h2 class=\"wp-block-heading\">LE XVII CONGR\u00c8S DE L'AMASC EN 2022<\/h2>\n\n\n\n<figure class=\"wp-block-table\"><table class=\"has-white-color has-vivid-red-background-color has-text-color has-background\"><tbody><tr><td><span style=\"text-decoration: underline;\"><strong>COMMUNIQU\u00c9 DU PR\u00c9SIDENT<br><\/strong><\/span><br>Chers amis,<br><br>C'est avec une grande tristesse que je vous annonce que les circonstances sanitaires ne nous permettent malheureusement pas d'envisager un Congr\u00e8s mondial comme ceux de M\u00e9rida, de Phoenix ou de Malte, pour ne citer que ces derniers. En effet, nous ne pouvons pas courir le risque financier de l'annuler \u00e0 la derni\u00e8re minute \u00e0 cause de l'\u00e9pid\u00e9mie. Nous le regrettons autant que vous, soyez-en s\u00fbrs !<br><br>Conform\u00e9ment aux statuts de l'AMASC, nous organiserons cependant \u00e0 la fin de notre mandat une Assembl\u00e9e G\u00e9n\u00e9rale \u00e0 Naples, r\u00e9serv\u00e9e aux Pr\u00e9sidents Nationaux, probablement vers le 23 \/ 29 octobre 2022 qui \u00e9lira le nouveau Conseil d'Administration de l'AMASC pour le mandat 2022-2026. L'Assembl\u00e9e G\u00e9n\u00e9rale sera convoqu\u00e9e de mani\u00e8re \u00e0 ce que nous puissions nous r\u00e9unir \u00e0 Naples ou par vid\u00e9oconf\u00e9rence, en fonction de la situation sanitaire \u00e0 ce moment-l\u00e0.<br>Les difficult\u00e9s li\u00e9es au coronavirus m'ont emp\u00each\u00e9 de me rapprocher de vous comme je l'aurais souhait\u00e9, en visitant les diff\u00e9rentes associations nationales : J'esp\u00e8re que la situation sanitaire s'am\u00e9liorera pour que nous puissions recommencer \u00e0 vivre comme avant.<br><br>Au moment o\u00f9 je vous \u00e9cris, la situation en Ukraine\/Russie s'est aggrav\u00e9e ! Prions ensemble pour que la paix se rapproche et que la violence contre les populations sans d\u00e9fense cesse. Les images de ces jours sont une plaie ouverte dans nos c\u0153urs.<br><br>Je vous embrasse avec affection.<br><br>Paola del Prete,<br>15 avril 2022<\/td><\/tr><\/tbody><\/table><\/figure>","protected":false},"excerpt":{"rendered":"<p>LE XVIIe CONGR\u00c8S DE L'AMASC EN 2022 COMMUNIQU\u00c9 DU PR\u00c9SIDENT Chers amis, C'est avec une grande tristesse que je vous annonce que les circonstances sanitaires ne nous permettent malheureusement pas d'envisager un Congr\u00e8s mondial comme ceux de M\u00e9rida, de Phoenix ou de Malte, pour ne citer que le dernier d'entre eux. En effet, nous ne pouvons pas courir le risque financier de l'annuler au...<\/p>","protected":false},"author":6,"featured_media":0,"parent":1422,"menu_order":0,"comment_status":"closed","ping_status":"closed","template":"","meta":{"_acf_changed":false,"_kad_blocks_custom_css":"","_kad_blocks_head_custom_js":"","_kad_blocks_body_custom_js":"","_kad_blocks_footer_custom_js":"","_kad_post_transparent":"","_kad_post_title":"","_kad_post_layout":"","_kad_post_sidebar_id":"","_kad_post_content_style":"","_kad_post_vertical_padding":"","_kad_post_feature":"","_kad_post_feature_position":"","_kad_post_header":false,"_kad_post_footer":false,"_kad_post_classname":"","footnotes":""},"class_list":["post-525","page","type-page","status-publish","hentry"],"acf":[],"yoast_head":"<!-- This site is optimized with the Yoast SEO plugin v26.4 - https:\/\/yoast.com\/wordpress\/plugins\/seo\/ -->\n<title>The congress in 2022 - AMASC<\/title>\n<meta name=\"robots\" content=\"index, follow, max-snippet:-1, max-image-preview:large, max-video-preview:-1\" \/>\n<link rel=\"canonical\" href=\"https:\/\/amasc.org\/fr\/congresses\/the-congress-in-2022\/\" \/>\n<meta property=\"og:locale\" content=\"fr_FR\" \/>\n<meta property=\"og:type\" content=\"article\" \/>\n<meta property=\"og:title\" content=\"The congress in 2022 - AMASC\" \/>\n<meta property=\"og:description\" content=\"THE XVII AMASC CONGRESS IN 2022 PRESIDENT&#8217;S RELEASEDear friends, With great sadness, I am announcing that the health circumstances unfortunately do not allow us to envisage a World Congress like those of Merida, Phoenix or Malta, to mention only the last of them. Indeed, we cannot run the financial risk of cancelling it at the...\" \/>\n<meta property=\"og:url\" content=\"https:\/\/amasc.org\/fr\/congresses\/the-congress-in-2022\/\" \/>\n<meta property=\"og:site_name\" content=\"AMASC\" \/>\n<meta property=\"article:modified_time\" content=\"2022-04-19T16:50:41+00:00\" \/>\n<meta property=\"og:image\" content=\"https:\/\/amasc.org\/wp-content\/uploads\/banner-congres-EN-1024x288.jpg\" \/>\n<meta name=\"twitter:card\" content=\"summary_large_image\" \/>\n<meta name=\"twitter:label1\" content=\"Dur\u00e9e de lecture estim\u00e9e\" \/>\n\t<meta name=\"twitter:data1\" content=\"1 minute\" \/>\n<script type=\"application\/ld+json\" class=\"yoast-schema-graph\">{\"@context\":\"https:\/\/schema.org\",\"@graph\":[{\"@type\":\"WebPage\",\"@id\":\"https:\/\/amasc.org\/congresses\/the-congress-in-2022\/\",\"url\":\"https:\/\/amasc.org\/congresses\/the-congress-in-2022\/\",\"name\":\"The congress in 2022 - AMASC\",\"isPartOf\":{\"@id\":\"https:\/\/amasc.org\/#website\"},\"primaryImageOfPage\":{\"@id\":\"https:\/\/amasc.org\/congresses\/the-congress-in-2022\/#primaryimage\"},\"image\":{\"@id\":\"https:\/\/amasc.org\/congresses\/the-congress-in-2022\/#primaryimage\"},\"thumbnailUrl\":\"https:\/\/amasc.org\/wp-content\/uploads\/banner-congres-EN-1024x288.jpg\",\"datePublished\":\"2020-10-17T15:54:31+00:00\",\"dateModified\":\"2022-04-19T16:50:41+00:00\",\"breadcrumb\":{\"@id\":\"https:\/\/amasc.org\/congresses\/the-congress-in-2022\/#breadcrumb\"},\"inLanguage\":\"fr-FR\",\"potentialAction\":[{\"@type\":\"ReadAction\",\"target\":[\"https:\/\/amasc.org\/congresses\/the-congress-in-2022\/\"]}]},{\"@type\":\"ImageObject\",\"inLanguage\":\"fr-FR\",\"@id\":\"https:\/\/amasc.org\/congresses\/the-congress-in-2022\/#primaryimage\",\"url\":\"https:\/\/amasc.org\/wp-content\/uploads\/banner-congres-EN-1024x288.jpg\",\"contentUrl\":\"https:\/\/amasc.org\/wp-content\/uploads\/banner-congres-EN-1024x288.jpg\"},{\"@type\":\"BreadcrumbList\",\"@id\":\"https:\/\/amasc.org\/congresses\/the-congress-in-2022\/#breadcrumb\",\"itemListElement\":[{\"@type\":\"ListItem\",\"position\":1,\"name\":\"Home\",\"item\":\"https:\/\/amasc.org\/\"},{\"@type\":\"ListItem\",\"position\":2,\"name\":\"Congresses\",\"item\":\"https:\/\/amasc.org\/congresses\/\"},{\"@type\":\"ListItem\",\"position\":3,\"name\":\"The congress in 2022\"}]},{\"@type\":\"WebSite\",\"@id\":\"https:\/\/amasc.org\/#website\",\"url\":\"https:\/\/amasc.org\/\",\"name\":\"AMASC\",\"description\":\"\",\"publisher\":{\"@id\":\"https:\/\/amasc.org\/#organization\"},\"potentialAction\":[{\"@type\":\"SearchAction\",\"target\":{\"@type\":\"EntryPoint\",\"urlTemplate\":\"https:\/\/amasc.org\/?s={search_term_string}\"},\"query-input\":{\"@type\":\"PropertyValueSpecification\",\"valueRequired\":true,\"valueName\":\"search_term_string\"}}],\"inLanguage\":\"fr-FR\"},{\"@type\":\"Organization\",\"@id\":\"https:\/\/amasc.org\/#organization\",\"name\":\"AMASC\",\"url\":\"https:\/\/amasc.org\/\",\"logo\":{\"@type\":\"ImageObject\",\"inLanguage\":\"fr-FR\",\"@id\":\"https:\/\/amasc.org\/#\/schema\/logo\/image\/\",\"url\":\"https:\/\/amasc.org\/wp-content\/uploads\/logo-brand-red.png\",\"contentUrl\":\"https:\/\/amasc.org\/wp-content\/uploads\/logo-brand-red.png\",\"width\":1283,\"height\":1624,\"caption\":\"AMASC\"},\"image\":{\"@id\":\"https:\/\/amasc.org\/#\/schema\/logo\/image\/\"}}]}<\/script>\n<!-- \/ Yoast SEO plugin. -->","yoast_head_json":{"title":"The congress in 2022 - AMASC","robots":{"index":"index","follow":"follow","max-snippet":"max-snippet:-1","max-image-preview":"max-image-preview:large","max-video-preview":"max-video-preview:-1"},"canonical":"https:\/\/amasc.org\/fr\/congresses\/the-congress-in-2022\/","og_locale":"fr_FR","og_type":"article","og_title":"The congress in 2022 - AMASC","og_description":"THE XVII AMASC CONGRESS IN 2022 PRESIDENT&#8217;S RELEASEDear friends, With great sadness, I am announcing that the health circumstances unfortunately do not allow us to envisage a World Congress like those of Merida, Phoenix or Malta, to mention only the last of them. Indeed, we cannot run the financial risk of cancelling it at the...","og_url":"https:\/\/amasc.org\/fr\/congresses\/the-congress-in-2022\/","og_site_name":"AMASC","article_modified_time":"2022-04-19T16:50:41+00:00","og_image":[{"url":"https:\/\/amasc.org\/wp-content\/uploads\/banner-congres-EN-1024x288.jpg","type":"","width":"","height":""}],"twitter_card":"summary_large_image","twitter_misc":{"Dur\u00e9e de lecture estim\u00e9e":"1 minute"},"schema":{"@context":"https:\/\/schema.org","@graph":[{"@type":"WebPage","@id":"https:\/\/amasc.org\/congresses\/the-congress-in-2022\/","url":"https:\/\/amasc.org\/congresses\/the-congress-in-2022\/","name":"The congress in 2022 - AMASC","isPartOf":{"@id":"https:\/\/amasc.org\/#website"},"primaryImageOfPage":{"@id":"https:\/\/amasc.org\/congresses\/the-congress-in-2022\/#primaryimage"},"image":{"@id":"https:\/\/amasc.org\/congresses\/the-congress-in-2022\/#primaryimage"},"thumbnailUrl":"https:\/\/amasc.org\/wp-content\/uploads\/banner-congres-EN-1024x288.jpg","datePublished":"2020-10-17T15:54:31+00:00","dateModified":"2022-04-19T16:50:41+00:00","breadcrumb":{"@id":"https:\/\/amasc.org\/congresses\/the-congress-in-2022\/#breadcrumb"},"inLanguage":"fr-FR","potentialAction":[{"@type":"ReadAction","target":["https:\/\/amasc.org\/congresses\/the-congress-in-2022\/"]}]},{"@type":"ImageObject","inLanguage":"fr-FR","@id":"https:\/\/amasc.org\/congresses\/the-congress-in-2022\/#primaryimage","url":"https:\/\/amasc.org\/wp-content\/uploads\/banner-congres-EN-1024x288.jpg","contentUrl":"https:\/\/amasc.org\/wp-content\/uploads\/banner-congres-EN-1024x288.jpg"},{"@type":"BreadcrumbList","@id":"https:\/\/amasc.org\/congresses\/the-congress-in-2022\/#breadcrumb","itemListElement":[{"@type":"ListItem","position":1,"name":"Home","item":"https:\/\/amasc.org\/"},{"@type":"ListItem","position":2,"name":"Congresses","item":"https:\/\/amasc.org\/congresses\/"},{"@type":"ListItem","position":3,"name":"The congress in 2022"}]},{"@type":"WebSite","@id":"https:\/\/amasc.org\/#website","url":"https:\/\/amasc.org\/","name":"AMASC","description":"","publisher":{"@id":"https:\/\/amasc.org\/#organization"},"potentialAction":[{"@type":"SearchAction","target":{"@type":"EntryPoint","urlTemplate":"https:\/\/amasc.org\/?s={search_term_string}"},"query-input":{"@type":"PropertyValueSpecification","valueRequired":true,"valueName":"search_term_string"}}],"inLanguage":"fr-FR"},{"@type":"Organization","@id":"https:\/\/amasc.org\/#organization","name":"AMASC","url":"https:\/\/amasc.org\/","logo":{"@type":"ImageObject","inLanguage":"fr-FR","@id":"https:\/\/amasc.org\/#\/schema\/logo\/image\/","url":"https:\/\/amasc.org\/wp-content\/uploads\/logo-brand-red.png","contentUrl":"https:\/\/amasc.org\/wp-content\/uploads\/logo-brand-red.png","width":1283,"height":1624,"caption":"AMASC"},"image":{"@id":"https:\/\/amasc.org\/#\/schema\/logo\/image\/"}}]}},"taxonomy_info":[],"featured_image_src_large":false,"author_info":{"display_name":"AMASC","author_link":"https:\/\/amasc.org\/fr\/author\/amasc\/"},"comment_info":0,"_links":{"self":[{"href":"https:\/\/amasc.org\/fr\/wp-json\/wp\/v2\/pages\/525","targetHints":{"allow":["GET"]}}],"collection":[{"href":"https:\/\/amasc.org\/fr\/wp-json\/wp\/v2\/pages"}],"about":[{"href":"https:\/\/amasc.org\/fr\/wp-json\/wp\/v2\/types\/page"}],"author":[{"embeddable":true,"href":"https:\/\/amasc.org\/fr\/wp-json\/wp\/v2\/users\/6"}],"replies":[{"embeddable":true,"href":"https:\/\/amasc.org\/fr\/wp-json\/wp\/v2\/comments?post=525"}],"version-history":[{"count":0,"href":"https:\/\/amasc.org\/fr\/wp-json\/wp\/v2\/pages\/525\/revisions"}],"up":[{"embeddable":true,"href":"https:\/\/amasc.org\/fr\/wp-json\/wp\/v2\/pages\/1422"}],"wp:attachment":[{"href":"https:\/\/amasc.org\/fr\/wp-json\/wp\/v2\/media?parent=525"}],"curies":[{"name":"wp","href":"https:\/\/api.w.org\/{rel}","templated":true}]}}

Le congrès en 2022

<figure class="wp-block-image alignfull size-large"><img loading="lazy" decoding="async" width="1024" height="288" src="https://amasc.org/wp-content/uploads/banner-congres-EN-1024x288.jpg" alt="" class="wp-image-1437" srcset="https://amasc.org/wp-content/uploads/banner-congres-EN-1024x288.jpg 1024w, https://amasc.org/wp-content/uploads/banner-congres-EN-300x84.jpg 300w, https://amasc.org/wp-content/uploads/banner-congres-EN-150x42.jpg 150w, https://amasc.org/wp-content/uploads/banner-congres-EN-768x216.jpg 768w, https://amasc.org/wp-content/uploads/banner-congres-EN-1536x432.jpg 1536w, https://amasc.org/wp-content/uploads/banner-congres-EN.jpg 1920w" sizes="auto, (max-width: 1024px) 100vw, 1024px" /></figure>



<h2 class="wp-block-heading">LE XVII CONGRÈS DE L'AMASC EN 2022</h2>



<figure class="wp-block-table"><table class="has-white-color has-vivid-red-background-color has-text-color has-background"><tbody><tr><td><span style="text-decoration: underline;"><strong>COMMUNIQUÉ DU PRÉSIDENT<br></strong></span><br>Chers amis,<br><br>C'est avec une grande tristesse que je vous annonce que les circonstances sanitaires ne nous permettent malheureusement pas d'envisager un Congrès mondial comme ceux de Mérida, de Phoenix ou de Malte, pour ne citer que ces derniers. En effet, nous ne pouvons pas courir le risque financier de l'annuler à la dernière minute à cause de l'épidémie. Nous le regrettons autant que vous, soyez-en sûrs !<br><br>Conformément aux statuts de l'AMASC, nous organiserons cependant à la fin de notre mandat une Assemblée Générale à Naples, réservée aux Présidents Nationaux, probablement vers le 23 / 29 octobre 2022 qui élira le nouveau Conseil d'Administration de l'AMASC pour le mandat 2022-2026. L'Assemblée Générale sera convoquée de manière à ce que nous puissions nous réunir à Naples ou par vidéoconférence, en fonction de la situation sanitaire à ce moment-là.<br>Les difficultés liées au coronavirus m'ont empêché de me rapprocher de vous comme je l'aurais souhaité, en visitant les différentes associations nationales : J'espère que la situation sanitaire s'améliorera pour que nous puissions recommencer à vivre comme avant.<br><br>Au moment où je vous écris, la situation en Ukraine/Russie s'est aggravée ! Prions ensemble pour que la paix se rapproche et que la violence contre les populations sans défense cesse. Les images de ces jours sont une plaie ouverte dans nos cœurs.<br><br>Je vous embrasse avec affection.<br><br>Paola del Prete,<br>15 avril 2022</td></tr></tbody></table></figure>

<p>LE XVIIe CONGRÈS DE L'AMASC EN 2022 COMMUNIQUÉ DU PRÉSIDENT Chers amis, C'est avec une grande tristesse que je vous annonce que les circonstances sanitaires ne nous permettent malheureusement pas d'envisager un Congrès mondial comme ceux de Mérida, de Phoenix ou de Malte, pour ne citer que le dernier d'entre eux. En effet, nous ne pouvons pas courir le risque financier de l'annuler au...</p>

<!-- This site is optimized with the Yoast SEO plugin v26.4 - https://yoast.com/wordpress/plugins/seo/ -->
<title>The congress in 2022 - AMASC</title>
<meta name="robots" content="index, follow, max-snippet:-1, max-image-preview:large, max-video-preview:-1" />
<link rel="canonical" href="https://amasc.org/fr/congresses/the-congress-in-2022/" />
<meta property="og:locale" content="fr_FR" />
<meta property="og:type" content="article" />
<meta property="og:title" content="The congress in 2022 - AMASC" />
<meta property="og:description" content="THE XVII AMASC CONGRESS IN 2022 PRESIDENT&#8217;S RELEASEDear friends, With great sadness, I am announcing that the health circumstances unfortunately do not allow us to envisage a World Congress like those of Merida, Phoenix or Malta, to mention only the last of them. Indeed, we cannot run the financial risk of cancelling it at the..." />
<meta property="og:url" content="https://amasc.org/fr/congresses/the-congress-in-2022/" />
<meta property="og:site_name" content="AMASC" />
<meta property="article:modified_time" content="2022-04-19T16:50:41+00:00" />
<meta property="og:image" content="https://amasc.org/wp-content/uploads/banner-congres-EN-1024x288.jpg" />
<meta name="twitter:card" content="summary_large_image" />
<meta name="twitter:label1" content="Durée de lecture estimée" />
	<meta name="twitter:data1" content="1 minute" />
<script type="application/ld+json" class="yoast-schema-graph">{"@context":"https://schema.org","@graph":[{"@type":"WebPage","@id":"https://amasc.org/congresses/the-congress-in-2022/","url":"https://amasc.org/congresses/the-congress-in-2022/","name":"The congress in 2022 - AMASC","isPartOf":{"@id":"https://amasc.org/#website"},"primaryImageOfPage":{"@id":"https://amasc.org/congresses/the-congress-in-2022/#primaryimage"},"image":{"@id":"https://amasc.org/congresses/the-congress-in-2022/#primaryimage"},"thumbnailUrl":"https://amasc.org/wp-content/uploads/banner-congres-EN-1024x288.jpg","datePublished":"2020-10-17T15:54:31+00:00","dateModified":"2022-04-19T16:50:41+00:00","breadcrumb":{"@id":"https://amasc.org/congresses/the-congress-in-2022/#breadcrumb"},"inLanguage":"fr-FR","potentialAction":[{"@type":"ReadAction","target":["https://amasc.org/congresses/the-congress-in-2022/"]}]},{"@type":"ImageObject","inLanguage":"fr-FR","@id":"https://amasc.org/congresses/the-congress-in-2022/#primaryimage","url":"https://amasc.org/wp-content/uploads/banner-congres-EN-1024x288.jpg","contentUrl":"https://amasc.org/wp-content/uploads/banner-congres-EN-1024x288.jpg"},{"@type":"BreadcrumbList","@id":"https://amasc.org/congresses/the-congress-in-2022/#breadcrumb","itemListElement":[{"@type":"ListItem","position":1,"name":"Home","item":"https://amasc.org/"},{"@type":"ListItem","position":2,"name":"Congresses","item":"https://amasc.org/congresses/"},{"@type":"ListItem","position":3,"name":"The congress in 2022"}]},{"@type":"WebSite","@id":"https://amasc.org/#website","url":"https://amasc.org/","name":"AMASC","description":"","publisher":{"@id":"https://amasc.org/#organization"},"potentialAction":[{"@type":"SearchAction","target":{"@type":"EntryPoint","urlTemplate":"https://amasc.org/?s={search_term_string}"},"query-input":{"@type":"PropertyValueSpecification","valueRequired":true,"valueName":"search_term_string"}}],"inLanguage":"fr-FR"},{"@type":"Organization","@id":"https://amasc.org/#organization","name":"AMASC","url":"https://amasc.org/","logo":{"@type":"ImageObject","inLanguage":"fr-FR","@id":"https://amasc.org/#/schema/logo/image/","url":"https://amasc.org/wp-content/uploads/logo-brand-red.png","contentUrl":"https://amasc.org/wp-content/uploads/logo-brand-red.png","width":1283,"height":1624,"caption":"AMASC"},"image":{"@id":"https://amasc.org/#/schema/logo/image/"}}]}</script>
<!-- / Yoast SEO plugin. -->
